t is the tens digit of x?
1
Let b = 26 + 44. Suppose 7*h - 9*h + b = 0. Suppose 0 = -5*f + 40 - h. What is the units digit of f?
1
Let v be (-10)/(-6) - 487/(-3). Suppose 397 = 11*i - v. What is the tens digit of i?
5
Let z be (26 - 27)*(-1 - -2). Let c be 4879/14 - z/(-2). Suppose 0 = 2*r - 4*s - 184, -4*r + c = -0*r + 2*s. What is the tens digit of r?
8
Let q be (33/(-30) - (-9)/15)*-2. What is the units digit of ((-38)/(-4))/((q - 3)/(-140))?
5
Suppose -44*w = -39*w - 2*c - 1, 2*c = w + 3. Let q(n) = -2*n**2 - n. Let f be q(-1). What is the units digit of 720/9 + (f + w)/(-1)?
0
Let y = -23081 + 34872. What is the tens digit of y?
9
Let t(b) = 2*b**3 - b**2. Let c be t(2). Let y(o) = 8*o**2 - 45*o + 2. Let f(u) = u**2 - 3*u - 1. Let d(q) = -5*f(q) + y(q). What is the units digit of d(c)?
9
Suppose 14*l - 12*l = -30. Let m(b) = -b**2 - 17*b - 25. Let t be m(l). Suppose -168 = -t*u + 262. What is the units digit of u?
6
Suppose -2*p - 2*p + 51 = -3*g, 0 = -g - 1. Let y be 16/(-96) - (-26)/p. Suppose -12*o + 670 = -y*o. What is the tens digit of o?
6
Suppose 3*b - 3*y - 16746 = 0, 11*b - 8*b = -2*y + 16721. What is the tens digit of b?
7
Let o(p) = -38*p - 7 + 80*p + 17*p**2 - 41*p. What is the units digit of o(2)?
3
Let p be 4 - 369/36 - (-2)/8. What is the hundreds digit of -9 - (-12130)/80 - p/16?
1
What is the hundreds digit of (-304)/(((-81)/153)/9)?
1
Let s(u) = -1151*u - 389. What is the thousands digit of s(-6)?
6
Let k be 2 - 64/(-6) - 20/(-60). Suppose h - k*t + 10*t = 225, 5*h = 4*t + 1136. What is the units digit of h?
8
Let h be (1728/60)/(1/(-5)). Let o = -682 - h. Let m = o - -766. What is the units digit of m?
8
Suppose -6*o + 60 = 9*o. Suppose -5*i + 16 = 2*z - 1673, 0 = 3*i - o*z - 1003. What is the units digit of i?
7
Let b(w) = -122*w + 2077. What is the units digit of b(-79)?
5
Suppose 2*j - 93 = 2*c + 43, 3*c + 3*j = -204. Let y be c/(-5) + (-16)/(-40). Let v = 142 + y. What is the hundreds digit of v?
1
Let f(r) = 538*r - 25. Suppose 12*b - 41 = -29. What is the hundreds digit of f(b)?
5
Suppose -162 + 657 = v. Let c = -290 + v. What is the hundreds digit of c?
2
Let f = 220 - 170. Let g = 12 - 10. Suppose 2*m = 4*l + l - 290, l - g*m = f. What is the tens digit of l?
6
What is the tens digit of ((-16584)/(-20))/(26/585) - -8?
6
Let x = -25431 - -33156. What is the tens digit of x?
2
Suppose -18*z + 21*z = 12. Suppose n + z*n - 120 = 0. Suppose 3*m - s = n + 31, -2*m - 5*s + 31 = 0. What is the tens digit of m?
1
Suppose 25*g - 13*g - 2004 = 0. Suppose 4*q - 9 = g. What is the tens digit of q?
4
Suppose 3*f = -5*z + 27, 4*z - 30 = 5*f - 1. Suppose z*c - 133 - 2861 = 0. What is the hundreds digit of c?
4
Suppose -3*r + 178 = -4*b + 1150, -3*b + 2*r = -729. Let k = 904 - b. What is the units digit of k?
1
Let d(o) = o**3 + 36*o**2 + 36*o + 46. Let h be d(-35). Suppose 668 + 245 = h*s. What is the tens digit of s?
8
Let q be 4*((-24)/(-64) + (-11)/(-8)). Suppose q*v = 17*v - 11230. What is the units digit of v?
3
Let h(x) be the first derivative of 5*x**3 - 23*x**2/2 + 45*x - 70. What is the tens digit of h(7)?
1
What is the ten thousands digit of (-21573344)/(-1040) + 6/(-10)?
2
Suppose 2*g - 8*g + 3264 = 0. Suppose g = -8*d + 4320. What is the hundreds digit of d?
4
Let r be 42/4*(-7 - 136/(-24)). Let i = r + 48. What is the tens digit of i?
3
Let g be ((-4344)/21)/(2*(-1)/7). Suppose -2*v + 422 = 3*l - 294, -4*v = 3*l - g. What is the tens digit of l?
3
Let u be (16/(-10))/(32/(-80)). Suppose 0 = u*a - 0*a. Suppose -3*z - 3*m + 258 = a, -2*z + 3*m + 88 = -64. What is the tens digit of z?
8
Suppose 3*d - d + 4594 = 2*c, -c = -4*d - 2282. Let h = c - 865. What is the thousands digit of h?
1
Let b(p) be the second derivative of -p**2 - 1/12*p**4 - 1/2*p**3 - 13*p + 0 - 1/20*p**5. What is the units digit of b(-1)?
1
Let l(t) be the third derivative of t**6/120 - 13*t**5/60 + 13*t**4/24 - t**3/6 - 2*t**2. Let u be 64/5 - 2 - 12/(-10). What is the units digit of l(u)?
1
Let f(s) = 2 + 8*s - 110*s**2 + 112*s**2 + 3 + 0. Let j be f(-5). Suppose j*t = 8*t + 35. What is the units digit of t?
5
Let m(c) be the third derivative of 35*c**4/24 - 101*c**3/6 - 35*c**2. What is the tens digit of m(5)?
7
Suppose -3*i = -f - 2 + 1, f - 15 = -5*i. Suppose 1111 = -f*t + 3786. What is the tens digit of t?
3
Let n(l) = -181*l + 33875. What is the hundreds digit of n(0)?
8
Let w = 32627 - 19241. What is the hundreds digit of w?
3
Let h be (-102)/(((-105)/(-80))/(-7)). Let z = -172 + h. Suppose k + z = 7*k. What is the tens digit of k?
6
Let w(o) = o**3 + 21*o**2 + 22*o + 45. Let c be w(-20). Suppose 0 = 5*s + 5*a - 690, s + 0*a = -c*a + 122. What is the tens digit of s?
4
Suppose 4*j = -3*j - 14*j. Suppose -24*f - 5*f + 29116 = j. What is the hundreds digit of f?
0
What is the hundreds digit of (-1)/((-21666)/(-10834) - 2)?
4
Let t = 47000 + -24432. What is the hundreds digit of t?
5
Let v(i) = i**3 + 107*i**2 + 1007*i + 8. What is the thousands digit of v(-96)?
4
Let l(p) = p**3 + p**2 + p + 9543. What is the hundreds digit of l(0)?
5
Let b(o) = 14*o**3 - 15*o**2 + 28*o + 29. What is the hundreds digit of b(8)?
4
What is the thousands digit of (-30 - -10)/((-16)/13476)?
6
Suppose -2*i + 6875 = -5737. What is the hundreds digit of i?
3
Suppose r = 2*i + 10, -r - 4*r - i + 17 = 0. Suppose 0 = x - 0*x + 4*n - 4, 0 = -4*x + 4*n - r. Suppose t - 36 - 56 = x. What is the units digit of t?
2
Let k(b) = -b**3 + 30*b**2 + 44*b - 130. What is the hundreds digit of k(26)?
7
Let w be (-9 - 3)/(-3)*(-10)/(-8). Suppose 3*l = 5*j + 2842, -w*l + 5274 - 599 = 4*j. What is the units digit of l?
9
Let u be (1158/(-18))/(((-4)/2)/6). Let i = 538 - u. What is the tens digit of i?
4
Suppose -3*c = -3*l + c + 346, -3*l + 5*c + 347 = 0. Let k = -42 + 45. Suppose k*f = -9 + l. What is the tens digit of f?
3
What is the thousands digit of ((-88)/12 + 7)/(2 - 577715/288855)?
9
Let i(r) = r**2 - 2*r + 10. Let d be i(-5). Suppose d = -17*j + 22*j. Suppose -j*s = -10*s + 27. What is the tens digit of s?
2
Let m(s) = 4*s**2 - 1. Let q = 26 + -25. Let d be m(q). Let w(l) = 2*l**3 - 2*l**2 + 4*l - 3. What is the units digit of w(d)?
5
Suppose d - 9 = -11. Let i be d/4*(-24)/3. Suppose i*v - 60 = v. What is the tens digit of v?
2
Suppose 4*d - 16643 = -7*d. Let f = d - 762. What is the units digit of f?
1
Let q be (-12)/(-42) - 570/(-14). Let t = 44 - q. Suppose -3*u - t = -a - 0*u, a + 2*u - 8 = 0. What is the units digit of a?
6
Suppose -141*n = -74*n - 822023. What is the tens digit of n?
6
Suppose -5*u - 25 = 0, -2*v - 41 + 16 = 5*u. Suppose v = -f - 7. What is the tens digit of 37 - (2/f - (-96)/42)?
3
Let r(f) = -12352*f + 3130. What is the tens digit of r(-2)?
3
Let d(j) = j**2 - j. Let b(t) = 2*t - 7*t**2 - 1 + 5*t**2 + t**2 - 2*t**2. Let u(q) = -2*b(q) - 4*d(q). What is the tens digit of u(5)?
5
Suppose -6*f = -3*v - 5*f + 10, 5*v = 2*f + 18. Suppose l + 2*x - 302 = 0, 5*x - v*x + 12 = 0. Suppose 2*p = 204 + l. What is the units digit of p?
7
What is the thousands digit of (-192 + 219)/(1 - ((-2956)/(-986) + -2))?
3
Let r(m) = 191*m**3 - m. Suppose -4*j + i + i = -4, -i = -4*j + 4. Let z be r(j). Suppose 30 + z = 5*u. What is the units digit of u?
4
Let j(a) = 53*a**2. Let s(h) = h**3 + 7*h**2 + 5*h - 8. Let l = 124 - 130. Let v be s(l). What is the hundreds digit of j(v)?
2
Let l = 64 + -80. Let n = 25 + l. Suppose 3*v - 3 = n. What is the units digit of v?
4
Let q(n) = 4*n + 2. Let g(p) = -5*p - 1. Let v(f) = -5*g(f) - 6*q(f). Let r be v(7). Suppose r*y = -3*y - k + 184, 3*k + 68 = y. What is the units digit of y?
2
Suppose -4421 + 1099 = -4*u + 9982. What is the units digit of u?
6
Let h = 46 - 31. Let b = h - 14. What is the hundreds digit of ((1 + 108 - 2)*1)/b?
1
Suppose 45*b - 26*b = 65588. What is the hundreds digit of b?
4
Let h be 42/((-28)/(-4)) + 66. What is the tens digit of (-16)/h + 2/(54/12129)?
4
Let b(n) = n**2 - 100*n - 54. What is the thousands digit of b(-29)?
3
Let j(t) = -7 + 24*t + 17*t**2 - 21*t + 0 - 7 + t**3. Suppose 9*w + 6*w = -240. What is the hundreds digit of j(w)?
1
Suppose -149 = -g + 2*c, -4*g - 8*c + 3*c + 661 = 0. What is the tens digit of 4/14 + 14/(-49) + g?
5
Let m be (2 + -2)/2 + (-9 - -13). Suppose g + r = -0*g + 390, 5*g